et s(i) = i**3 + 20*i**2 + 17*i - 25. Let a be s(-19). Suppose -a*g + 15*g = 130. What is the units digit of g?
5
Suppose 0 = 3*t - 5*v + 11, 4*t - 25 = -4*v + 3. Suppose u - 2*r + 6*r + 7 = 0, 54 = t*u - 3*r. What is the units digit of u?
3
What is the hundreds digit of (12112/(-4 - -8))/2?
5
Let f(q) = 3*q + 74. Suppose 4*b - 8*b + 12 = 0, -3*b = -5*m - 9. What is the tens digit of f(m)?
7
Let c(t) = 2*t + 11. Let v be c(-8). Let d be v/2*(-12)/15. Suppose -d*m - 4*y + 25 = -23, 3*m = -5*y + 76. What is the tens digit of m?
3
Suppose -d + 1 = -2. Suppose 0 = d*x - 40 - 41. Suppose 0 = h - s - 12, 5*s = h + h - x. What is the units digit of h?
1
Let g = 7 + -2. Let p be -10*(4/((-32)/(-28)) - 4). Suppose -2*o + 0*o = -g*a - 52, p*o - 3*a = 130. What is the units digit of o?
6
Let a(g) be the third derivative of g**6/120 + g**5/12 + g**4/24 - 5*g**3/6 + 11*g**2. What is the units digit of a(-4)?
7
Suppose 5*c - 20 = 0, -4*c = 2*o - 4*o + 616. What is the tens digit of o?
1
Let v = 16 + -5. Let y = -7 + v. Suppose 43 = 2*l + k, -52 = -l - 2*l - y*k. What is the units digit of l?
4
Let w = 15 + -13. What is the units digit of (1369/74)/((-2)/((-8)/w))?
7
Suppose 19278 = 225*d - 204*d. What is the hundreds digit of d?
9
Suppose 0 = -27*q + 31*q - 108. Suppose -t = 4 - 9. Suppose q = t*x - 138. What is the units digit of x?
3
Let x = 439 + -664. Let r = x - -339. What is the hundreds digit of r?
1
Suppose 8*m = 6*m + 4. Let l be -2*(-2)/(m - -2). What is the tens digit of 3/(112/(-124) + l)?
3
Let a = 695 - 396. What is the tens digit of a?
9
Suppose 55*t = 61*t - 2808. What is the tens digit of t?
6
What is the tens digit of ((-231)/28 + 7)*-52?
6
Suppose 5*f + 302 = v, -2*v = 4*f - 179 - 397. What is the tens digit of v?
9
Suppose 0 = -0*r - 2*r - 20. Let g = r - -14. What is the units digit of g?
4
Let f(d) = 13*d**2 + 2*d + 1. Let i be f(-1). Let m(a) = -a**2 + 16*a + 4. What is the units digit of m(i)?
2
Let x(n) = -345*n - 273. What is the units digit of x(-11)?
2
Let l(z) = -13*z**3 + 4*z**2 - 3*z + 2. Let u(k) = k**3 - k**2. Let r(c) = l(c) + 3*u(c). Let g be r(-3). Suppose -g = -6*x + x. What is the tens digit of x?
5
Let f = -4 + 4. Suppose -c = -3*u + 93, f*c + c - 147 = -5*u. What is the units digit of 3798/135 - 4/u?
8
Suppose 3*v - 3357 = 3*n, 4478 = 4*v - 0*v - 3*n. What is the thousands digit of v?
1
Suppose 3344 = 12*l - 4*l. What is the units digit of l?
8
Let b be 27/18*(1 + 1). Let f(h) = 3*h**3 - 6*h**2 + 7*h - 4. Let t be f(b). Let w = 112 - t. What is the units digit of w?
8
Let a = 25 + -93. Let p = a - -102. What is the tens digit of p?
3
Suppose w + 1 = 2*z - 2, 4*w - 4 = 0. Let j(s) = 4*s**2 + 3 - 2*s**z - 19*s + 13*s. What is the tens digit of j(4)?
1
Suppose -x + 429 = 52. What is the units digit of x?
7
Suppose -3*f - 4*n = f - 4288, 4304 = 4*f - 4*n. What is the units digit of f?
4
Suppose l + 3*t + 3 = -2*l, 5*l + 2*t = 10. Suppose -5*s - 20 = -5*k, 4*k = s - 0 + 4. Suppose -44 = -k*g - l*g. What is the units digit of g?
1
Suppose 5*n = -42 + 57. Suppose -5*v + 5*w + 1005 = -0*v, 5*w - 635 = -n*v. What is the units digit of v?
5
Let p be (5/1)/((-13)/(-91)). Let y = p - 26. Suppose 0 = y*c - 7*c - 96. What is the units digit of c?
8
Suppose -12228 = 11*h - 54446. What is the tens digit of h?
3
Suppose -287 - 1056 = -g. What is the units digit of g?
3
Let z = 546 - 283. Let t = -173 + z. What is the units digit of t?
0
Let f be -3 + 2/6*21. Suppose -2*c + 2*a + 69 = -a, -5*c - f*a + 138 = 0. What is the tens digit of c?
3
Let z be (-1738)/110 - (-4)/5. Let h = -5 - z. What is the tens digit of h?
1
Let j be 154/4 - (-1)/(-2). Suppose -3*b = -0*b - 150. Suppose 2*u - b = -2*d, 56 + j = 4*d + 2*u. What is the tens digit of d?
2
Let z be 6/(-9) + 1792/6. Suppose -85 = 3*o - z. What is the tens digit of o?
7
What is the thousands digit of (-148)/(-8)*4*(-3807)/(-54)?
5
Let s(v) = v**3 - 6*v**2 + 11. Let w be s(5). What is the units digit of (-17)/2*3*w/3?
9
Let r(g) = g**2 + 45*g**3 - 6*g**2 - 44*g**3 - g - 3. What is the tens digit of r(6)?
2
Let o be 153/(-9) + (-6)/(-2)*-1. Let s = 49 - o. What is the tens digit of s?
6
Suppose -18*g - 2*p - 3893 = -19*g, -g + 3*p = -3898. What is the thousands digit of g?
3
What is the units digit of 5 + ((-1174)/6)/(1/(-3))?
2
Let o = -4 + 7. Let f be 6/10 - (1190/(-50))/7. Suppose 0 = 3*u - f*m + 2*m - 56, o*m = -2*u + 33. What is the units digit of u?
8
Suppose 3*t - 2*p - 4344 = -p, 4*t - 5*p - 5792 = 0. What is the units digit of t?
8
Suppose -2*a = 4*a - 66. Suppose a*w - 3*w - 736 = 0. What is the tens digit of w?
9
Suppose 3*t - j = 2035, -6*j - 693 = -t - 2*j. What is the units digit of t?
7
Let y(o) = -o**3 - 6*o**2 - 2*o - 4. Let n be y(-4). Suppose 9*a - 44 = 8*a - 5*d, -4*a - 3*d + 244 = 0. Let k = a + n. What is the units digit of k?
6
Let c(p) = 2*p**2 - 10*p + 14. Let m be c(7). Let f = m - 17. What is the units digit of f?
5
Let j be (-4)/(-1) + -8 + 6. Suppose 4*l = j*v + 184, 4*l - v - 2*v - 184 = 0. What is the units digit of l?
6
Let j(t) = -82*t - 34. What is the tens digit of j(-6)?
5
Let j be (-80)/(-4 - (116/(-124) - 3)). Suppose 5*n - j = -400. What is the tens digit of n?
6
Let p(f) = -f**3 - 8*f**2 - 9*f + 8. Let y be p(-7). Suppose -73*i = -72*i - y. What is the tens digit of i?
2
Let k(l) = -3*l + 13. Let p(v) = -v. Let d(x) = -k(x) - 5*p(x). Let m be d(6). Suppose -2*b = -5*w + 83, -3*w = -2*w - 5*b - m. What is the units digit of w?
5
Suppose 12 = -3*n, 0 = 3*w + 2*n + 14 + 75. Let c = 83 - w. Suppose -4*v = v - c. What is the units digit of v?
2
Let c = -57 + 56. What is the tens digit of (36*c)/(-5 + 3)?
1
What is the tens digit of 318 + 0 - (-1 - -3)?
1
Let u be ((-5)/(-6))/(8*(-7)/(-336)). Suppose -u*n + 85 - 35 = 0. What is the units digit of n?
0
Let y(u) = -39*u + 8. Let a = -55 + 53. What is the units digit of y(a)?
6
Let f(b) = b**2 - 2. Let i be f(5). Suppose i + 16 = n. Let m = n - 22. What is the units digit of m?
7
Let v = 93 - 87. Suppose 0 = v*m - 2*m - 272. What is the units digit of m?
8
Let t(i) = -i + 36. Let w(s) = s**3 - s. Let f be w(-1). Let y be t(f). What is the units digit of y/(-9*1/(-12))?
8
What is the units digit of (-4 - -3)*-1345 + 8?
3
Suppose -68*n + 86*n = 792. What is the tens digit of n?
4
Suppose 13822 = 42*r + 2104. What is the tens digit of r?
7
Let o = 41 - 27. Let s be 2/14 + 54/o. Suppose -4*z - 4*d + 0*d = -44, -3*z = s*d - 31. What is the tens digit of z?
1
Suppose 34*r = 410 + 4452. What is the hundreds digit of r?
1
Let g(i) = -40*i + 64. Let c(f) = 13*f - 21. Let y = -23 + 28. Let z(v) = y*g(v) + 16*c(v). What is the tens digit of z(6)?
3
Suppose -z + 3*t - 11 = 3*z, 2*t = 3*z + 7. What is the tens digit of (171/6)/(z/2)?
5
Suppose -4*j + 3*j = -5*c + 20152, -5*c - 5*j = -20170. What is the thousands digit of c?
4
What is the tens digit of 2086/4 + 195/(-78)?
1
Let l(i) = i**3 + 32*i**2 + 108*i + 1. What is the hundreds digit of l(-28)?
1
Let u(y) = 17*y**2. Suppose 4*l + 15 = 11. Let o be u(l). What is the units digit of (323/o)/((-1)/(-3))?
7
Let y = 265 - -163. What is the hundreds digit of y?
4
Let x(h) = -68*h + 277. What is the tens digit of x(-22)?
7
Let h = 29 + -30. Let a be (6 + -1)/(h + 2). Suppose a*n - 53 = -4*j, 3*n - j = 13 + 29. What is the units digit of n?
3
Let g(i) = i**3 - 5*i**2 + i - 5. Let r be g(5). Suppose 2*w - 8 + 2 = r. Suppose w*t = -2*t + 180. What is the units digit of t?
6
Let g(q) = -8*q**3 - q**2 - 28*q - 14. What is the tens digit of g(-6)?
4
Suppose 128*z - 124*z = 10156. What is the hundreds digit of z?
5
Let r = 1053 + -789. What is the hundreds digit of r?
2
Let y(f) = 2*f**2 + 12*f + 20. Let t be y(-8). Let j = t - 5. What is the units digit of j?
7
Let p(m) = -4*m - 11. Let z(b) = b. Let k(h) = 6*h + 5. Let u(w) = -k(w) + 4*z(w). Let l(c) = 6*p(c) - 13*u(c). What is the units digit of l(3)?
5
Let j(i) = -4*i**2 - 2*i + 6. Let b be j(10). Let d be ((-2)/3)/(4/b). Suppose 6*n - 4*n - 15 = -g, -n - d = -4*g. What is the units digit of g?
7
Let l = -1310 - -2370. What is the tens digit of l?
6
Suppose 0 = -3*z - 5*l - 180, z - 3*l + 20 = -54. Suppose c = -30 + 8. Let y = c - z. What is the units digit of y?
3
Suppose 2*z + r + 38 = -2*z, 5*r = -10. Let t = z - -1